{"id":562,"date":"2025-11-09T23:38:38","date_gmt":"2025-11-09T23:38:38","guid":{"rendered":"http:\/\/daviddominguezdesign.es\/?page_id=562"},"modified":"2025-11-20T14:13:09","modified_gmt":"2025-11-20T14:13:09","slug":"video-promocional-para-marcelle","status":"publish","type":"page","link":"https:\/\/www.daviddominguezdesign.es\/?page_id=562","title":{"rendered":"Marcelle"},"content":{"rendered":"\n<div class=\"wp-block-group has-primary-background-color has-background is-layout-constrained wp-container-core-group-is-layout-3891ec23 wp-block-group-is-layout-constrained\" style=\"padding-top:0rem;padding-right:0;padding-bottom:0rem;padding-left:0\">\n<figure class=\"wp-block-embed is-type-video is-provider-youtube wp-block-embed-youtube wp-embed-aspect-16-9 wp-has-aspect-ratio\"><div class=\"wp-block-embed__wrapper\">\n<iframe title=\"MARCELLE NATUREZA | Did\u00e1mico\" width=\"500\" height=\"281\" src=\"https:\/\/www.youtube.com\/embed\/af2KPDhIcDs?feature=oembed\" frameborder=\"0\" allow=\"accelerometer; autoplay; clipboard-write; encrypted-media; gyroscope; picture-in-picture; web-share\" referrerpolicy=\"strict-origin-when-cross-origin\" allowfullscreen><\/iframe>\n<\/div><\/figure>\n<\/div>\n\n\n\n<p class=\"has-primary-color has-text-color has-link-color wp-elements-5a5933c6282bfb359a1dfc7da7c3f3e7\">Peque\u00f1o v\u00eddeo promocional animado para el Parque Zool\u00f3gico de Marcelle, ubicado en el municipio gallego de Otero de Rey. Esta pieza audiovisual presenta de manera clara y cercana las actividades que se realizan en el parque y transmite sus valores fundamentales de respeto y cuidado de la biodiversidad. El relato se desarrolla desde una perspectiva emocional, inspir\u00e1ndose en la historia del fundador del zool\u00f3gico: desde su infancia, marcada por la fascinaci\u00f3n por los animales, hasta su etapa adulta, cuando decide crear este espacio. El proyecto tambi\u00e9n incluye una  propuesta transmedia invitando al p\u00fablico, especialmente a los ni\u00f1os, a donar peluches y pelotas que ya no usen, d\u00e1ndoles una segunda vida como juguetes para los animales, ya que estos objetos contribuyen a su bienestar f\u00edsico y emocional. Los carteles incluyen un c\u00f3digo QR que enlaza a un PDF descargable con etiquetas para personalizar los regalos. La acci\u00f3n fomenta valores de respeto y empat\u00eda hacia los animales, promoviendo una interacci\u00f3n activa con el zool\u00f3gico.<\/p>\n\n\n\n<figure class=\"wp-block-image size-large\"><img fetchpriority=\"high\" decoding=\"async\" width=\"1024\" height=\"573\" src=\"https:\/\/daviddominguezdesign.es\/wp-content\/uploads\/2025\/11\/POSTERS-MARCELLE-1024x573.jpg\" alt=\"\" class=\"wp-image-568\" srcset=\"https:\/\/www.daviddominguezdesign.es\/wp-content\/uploads\/2025\/11\/POSTERS-MARCELLE-1024x573.jpg 1024w, https:\/\/www.daviddominguezdesign.es\/wp-content\/uploads\/2025\/11\/POSTERS-MARCELLE-300x168.jpg 300w, https:\/\/www.daviddominguezdesign.es\/wp-content\/uploads\/2025\/11\/POSTERS-MARCELLE-768x430.jpg 768w, https:\/\/www.daviddominguezdesign.es\/wp-content\/uploads\/2025\/11\/POSTERS-MARCELLE-1536x860.jpg 1536w, https:\/\/www.daviddominguezdesign.es\/wp-content\/uploads\/2025\/11\/POSTERS-MARCELLE.jpg 2000w\" sizes=\"(max-width: 1024px) 100vw, 1024px\" \/><\/figure>\n","protected":false},"excerpt":{"rendered":"<p>Peque\u00f1o v\u00eddeo promocional animado para el Parque Zool\u00f3gico de Marcelle, ubicado en el municipio gallego de Otero de Rey. Esta pieza audiovisual presenta de manera clara y cercana las actividades que se realizan en el parque y transmite sus valores fundamentales de respeto y cuidado de la biodiversidad. El relato se desarrolla desde una perspectiva&#8230;<\/p>\n","protected":false},"author":1,"featured_media":0,"parent":0,"menu_order":0,"comment_status":"closed","ping_status":"closed","template":"","meta":{"footnotes":""},"class_list":["post-562","page","type-page","status-publish","hentry"],"_links":{"self":[{"href":"https:\/\/www.daviddominguezdesign.es\/index.php?rest_route=\/wp\/v2\/pages\/562","targetHints":{"allow":["GET"]}}],"collection":[{"href":"https:\/\/www.daviddominguezdesign.es\/index.php?rest_route=\/wp\/v2\/pages"}],"about":[{"href":"https:\/\/www.daviddominguezdesign.es\/index.php?rest_route=\/wp\/v2\/types\/page"}],"author":[{"embeddable":true,"href":"https:\/\/www.daviddominguezdesign.es\/index.php?rest_route=\/wp\/v2\/users\/1"}],"replies":[{"embeddable":true,"href":"https:\/\/www.daviddominguezdesign.es\/index.php?rest_route=%2Fwp%2Fv2%2Fcomments&post=562"}],"version-history":[{"count":10,"href":"https:\/\/www.daviddominguezdesign.es\/index.php?rest_route=\/wp\/v2\/pages\/562\/revisions"}],"predecessor-version":[{"id":616,"href":"https:\/\/www.daviddominguezdesign.es\/index.php?rest_route=\/wp\/v2\/pages\/562\/revisions\/616"}],"wp:attachment":[{"href":"https:\/\/www.daviddominguezdesign.es\/index.php?rest_route=%2Fwp%2Fv2%2Fmedia&parent=562"}],"curies":[{"name":"wp","href":"https:\/\/api.w.org\/{rel}","templated":true}]}}